{"id":371,"date":"2024-08-06T20:41:34","date_gmt":"2024-08-06T20:41:34","guid":{"rendered":"http:\/\/cladotaciones.com\/about-us\/"},"modified":"2024-09-01T12:29:21","modified_gmt":"2024-09-01T17:29:21","slug":"nosotros","status":"publish","type":"page","link":"https:\/\/cladotaciones.com\/inicio\/nosotros\/","title":{"rendered":"Nosotros"},"content":{"rendered":"\t\t<div data-elementor-type=\"wp-page\" data-elementor-id=\"371\" class=\"elementor elementor-371\" data-elementor-post-type=\"page\">\n\t\t\t\t<div class=\"elementor-element elementor-element-560f8ac e-con-full e-flex e-con e-parent\" data-id=\"560f8ac\" data-element_type=\"container\" data-e-type=\"container\">\n\t\t<div class=\"elementor-element elementor-element-f705dc1 e-con-full e-flex e-con e-child\" data-id=\"f705dc1\" data-element_type=\"container\" data-e-type=\"container\">\n\t\t\t\t<div class=\"elementor-element elementor-element-188f912 elementor-widget elementor-widget-heading\" data-id=\"188f912\" data-element_type=\"widget\" data-e-type=\"widget\" data-widget_type=\"heading.default\">\n\t\t\t\t<div class=\"elementor-widget-container\">\n\t\t\t\t\t<h2 class=\"elementor-heading-title elementor-size-default\">Nosotros<\/h2>\t\t\t\t<\/div>\n\t\t\t\t<\/div>\n\t\t\t\t<div class=\"elementor-element elementor-element-5c1339f elementor-widget elementor-widget-text-editor\" data-id=\"5c1339f\" data-element_type=\"widget\" data-e-type=\"widget\" data-widget_type=\"text-editor.default\">\n\t\t\t\t<div class=\"elementor-widget-container\">\n\t\t\t\t\t\t\t\t\t<p>\u00a0<\/p>\n<p>En CLADOTACIONES, nos especializamos en ofrecer soluciones integrales en protecci\u00f3n y seguridad industrial, con el objetivo de salvaguardar lo m\u00e1s valioso de su empresa: sus personas. Desde nuestra fundaci\u00f3n, hemos trabajado con el firme compromiso de proporcionar productos de alta calidad y servicios expertos que garantizan un entorno laboral seguro y eficiente.<\/p>\n<p>Nuestra amplia gama de productos incluye equipos de protecci\u00f3n personal, sistemas de seguridad industrial y soluciones a medida para satisfacer las necesidades espec\u00edficas de cada industria. Trabajamos con las marcas m\u00e1s reconocidas y confiables del mercado, asegurando que nuestros clientes cuenten con tecnolog\u00eda avanzada y materiales de la m\u00e1s alta durabilidad.<\/p>\n<p>Creemos en la prevenci\u00f3n como el mejor camino hacia un ambiente de trabajo seguro. Nuestra misi\u00f3n es ser su socio estrat\u00e9gico en la protecci\u00f3n industrial, proporcionando las herramientas necesarias para mantener a su equipo a salvo y su operaci\u00f3n en \u00f3ptimas condiciones.<\/p>\n<p>Conf\u00ede en nosotros para garantizar que su empresa cumpla con los m\u00e1s altos est\u00e1ndares de seguridad y protecci\u00f3n. Su tranquilidad es nuestra prioridad.<\/p>\t\t\t\t\t\t\t\t<\/div>\n\t\t\t\t<\/div>\n\t\t\t\t<\/div>\n\t\t<div class=\"elementor-element elementor-element-ed96089 e-con-full e-flex e-con e-child\" data-id=\"ed96089\" data-element_type=\"container\" data-e-type=\"container\">\n\t\t\t\t<div class=\"elementor-element elementor-element-eb7c746 elementor-widget elementor-widget-image\" data-id=\"eb7c746\" data-element_type=\"widget\" data-e-type=\"widget\" data-widget_type=\"image.default\">\n\t\t\t\t<div class=\"elementor-widget-container\">\n\t\t\t\t\t\t\t\t\t\t\t\t\t\t\t<img fetchpriority=\"high\" decoding=\"async\" width=\"768\" height=\"1151\" src=\"https:\/\/cladotaciones.com\/wp-content\/uploads\/2024\/09\/gcaa4c5a9a68ae4ed358aa81fdccdf22ce31f43cd8d78cc44248b6c37e17f76d820e26437794bb76d281a6244708545cee245473ea5309aa006fce873fd7dae97_1280-4922428-768x1151.jpg\" class=\"attachment-medium_large size-medium_large wp-image-690\" alt=\"gcaa4c5a9a68ae4ed358aa81fdccdf22ce31f43cd8d78cc44248b6c37e17f76d820e26437794bb76d281a6244708545cee245473ea5309aa006fce873fd7dae97_1280-4922428.jpg\" srcset=\"https:\/\/cladotaciones.com\/wp-content\/uploads\/2024\/09\/gcaa4c5a9a68ae4ed358aa81fdccdf22ce31f43cd8d78cc44248b6c37e17f76d820e26437794bb76d281a6244708545cee245473ea5309aa006fce873fd7dae97_1280-4922428-768x1151.jpg 768w, https:\/\/cladotaciones.com\/wp-content\/uploads\/2024\/09\/gcaa4c5a9a68ae4ed358aa81fdccdf22ce31f43cd8d78cc44248b6c37e17f76d820e26437794bb76d281a6244708545cee245473ea5309aa006fce873fd7dae97_1280-4922428-200x300.jpg 200w, https:\/\/cladotaciones.com\/wp-content\/uploads\/2024\/09\/gcaa4c5a9a68ae4ed358aa81fdccdf22ce31f43cd8d78cc44248b6c37e17f76d820e26437794bb76d281a6244708545cee245473ea5309aa006fce873fd7dae97_1280-4922428-683x1024.jpg 683w, https:\/\/cladotaciones.com\/wp-content\/uploads\/2024\/09\/gcaa4c5a9a68ae4ed358aa81fdccdf22ce31f43cd8d78cc44248b6c37e17f76d820e26437794bb76d281a6244708545cee245473ea5309aa006fce873fd7dae97_1280-4922428-600x899.jpg 600w, https:\/\/cladotaciones.com\/wp-content\/uploads\/2024\/09\/gcaa4c5a9a68ae4ed358aa81fdccdf22ce31f43cd8d78cc44248b6c37e17f76d820e26437794bb76d281a6244708545cee245473ea5309aa006fce873fd7dae97_1280-4922428.jpg 854w\" sizes=\"(max-width: 768px) 100vw, 768px\" \/>\t\t\t\t\t\t\t\t\t\t\t\t\t\t\t<\/div>\n\t\t\t\t<\/div>\n\t\t\t\t<\/div>\n\t\t\t\t<\/div>\n\t\t<div class=\"elementor-element elementor-element-1d34a39 e-flex e-con-boxed e-con e-parent\" data-id=\"1d34a39\" data-element_type=\"container\" data-e-type=\"container\">\n\t\t\t\t\t<div class=\"e-con-inner\">\n\t\t\t\t<div class=\"elementor-element elementor-element-b8ac07e elementor-widget-divider--separator-type-pattern elementor-widget-divider--bg-round elementor-widget-divider--view-line elementor-widget elementor-widget-divider\" data-id=\"b8ac07e\" data-element_type=\"widget\" data-e-type=\"widget\" data-widget_type=\"divider.default\">\n\t\t\t\t<div class=\"elementor-widget-container\">\n\t\t\t\t\t\t\t<div class=\"elementor-divider\" style=\"--divider-pattern-url: url(&quot;data:image\/svg+xml,%3Csvg xmlns=&#039;http:\/\/www.w3.org\/2000\/svg&#039; preserveAspectRatio=&#039;none&#039; overflow=&#039;visible&#039; height=&#039;100%&#039; viewBox=&#039;0 0 60 30&#039; fill=&#039;black&#039; stroke=&#039;none&#039;%3E%3Crect x=&#039;15&#039; y=&#039;0&#039; width=&#039;30&#039; height=&#039;30&#039;\/%3E%3C\/svg%3E&quot;);\">\n\t\t\t<span class=\"elementor-divider-separator\">\n\t\t\t\t\t\t<\/span>\n\t\t<\/div>\n\t\t\t\t\t\t<\/div>\n\t\t\t\t<\/div>\n\t\t\t\t\t<\/div>\n\t\t\t\t<\/div>\n\t\t\t\t<\/div>\n\t\t","protected":false},"excerpt":{"rendered":"<p>\u00a0 En CLADOTACIONES, nos especializamos en ofrecer soluciones integrales en protecci\u00f3n y seguridad industrial, con el objetivo de salvaguardar lo m\u00e1s valioso de su empresa: sus personas. Desde nuestra fundaci\u00f3n, hemos trabajado con el firme compromiso de proporcionar productos de alta calidad y servicios expertos que garantizan un entorno laboral seguro y eficiente. Nuestra amplia [&hellip;]<\/p>\n","protected":false},"author":1,"featured_media":597,"parent":0,"menu_order":0,"comment_status":"closed","ping_status":"closed","template":"","meta":{"_uag_custom_page_level_css":"","_monsterinsights_skip_tracking":false,"_monsterinsights_sitenote_active":false,"_monsterinsights_sitenote_note":"","_monsterinsights_sitenote_category":0,"site-sidebar-layout":"default","site-content-layout":"","ast-site-content-layout":"default","site-content-style":"default","site-sidebar-style":"default","ast-global-header-display":"","ast-banner-title-visibility":"","ast-main-header-display":"","ast-hfb-above-header-display":"","ast-hfb-below-header-display":"","ast-hfb-mobile-header-display":"","site-post-title":"disabled","ast-breadcrumbs-content":"","ast-featured-img":"","footer-sml-layout":"","ast-disable-related-posts":"","theme-transparent-header-meta":"enabled","adv-header-id-meta":"","stick-header-meta":"","header-above-stick-meta":"","header-main-stick-meta":"","header-below-stick-meta":"","astra-migrate-meta-layouts":"set","ast-page-background-enabled":"default","ast-page-background-meta":{"desktop":{"background-color":"var(--ast-global-color-4)","background-image":"","background-repeat":"repeat","background-position":"center center","background-size":"auto","background-attachment":"scroll","background-type":"","background-media":"","overlay-type":"","overlay-color":"","overlay-opacity":"","overlay-gradient":""},"tablet":{"background-color":"","background-image":"","background-repeat":"repeat","background-position":"center center","background-size":"auto","background-attachment":"scroll","background-type":"","background-media":"","overlay-type":"","overlay-color":"","overlay-opacity":"","overlay-gradient":""},"mobile":{"background-color":"","background-image":"","background-repeat":"repeat","background-position":"center center","background-size":"auto","background-attachment":"scroll","background-type":"","background-media":"","overlay-type":"","overlay-color":"","overlay-opacity":"","overlay-gradient":""}},"ast-content-background-meta":{"desktop":{"background-color":"var(--ast-global-color-5)","background-image":"","background-repeat":"repeat","background-position":"center center","background-size":"auto","background-attachment":"scroll","background-type":"","background-media":"","overlay-type":"","overlay-color":"","overlay-opacity":"","overlay-gradient":""},"tablet":{"background-color":"var(--ast-global-color-5)","background-image":"","background-repeat":"repeat","background-position":"center center","background-size":"auto","background-attachment":"scroll","background-type":"","background-media":"","overlay-type":"","overlay-color":"","overlay-opacity":"","overlay-gradient":""},"mobile":{"background-color":"var(--ast-global-color-5)","background-image":"","background-repeat":"repeat","background-position":"center center","background-size":"auto","background-attachment":"scroll","background-type":"","background-media":"","overlay-type":"","overlay-color":"","overlay-opacity":"","overlay-gradient":""}},"footnotes":""},"class_list":["post-371","page","type-page","status-publish","has-post-thumbnail","hentry"],"aioseo_notices":[],"uagb_featured_image_src":{"full":["https:\/\/cladotaciones.com\/wp-content\/uploads\/2024\/08\/Default_tres_ingenieros_entre_hombre_y_mujer_con_casco_blanco_0-1_3_11zon.jpg",1472,832,false],"thumbnail":["https:\/\/cladotaciones.com\/wp-content\/uploads\/2024\/08\/Default_tres_ingenieros_entre_hombre_y_mujer_con_casco_blanco_0-1_3_11zon-150x150.jpg",150,150,true],"medium":["https:\/\/cladotaciones.com\/wp-content\/uploads\/2024\/08\/Default_tres_ingenieros_entre_hombre_y_mujer_con_casco_blanco_0-1_3_11zon-300x170.jpg",300,170,true],"medium_large":["https:\/\/cladotaciones.com\/wp-content\/uploads\/2024\/08\/Default_tres_ingenieros_entre_hombre_y_mujer_con_casco_blanco_0-1_3_11zon-768x434.jpg",768,434,true],"large":["https:\/\/cladotaciones.com\/wp-content\/uploads\/2024\/08\/Default_tres_ingenieros_entre_hombre_y_mujer_con_casco_blanco_0-1_3_11zon-1024x579.jpg",1024,579,true],"1536x1536":["https:\/\/cladotaciones.com\/wp-content\/uploads\/2024\/08\/Default_tres_ingenieros_entre_hombre_y_mujer_con_casco_blanco_0-1_3_11zon.jpg",1472,832,false],"2048x2048":["https:\/\/cladotaciones.com\/wp-content\/uploads\/2024\/08\/Default_tres_ingenieros_entre_hombre_y_mujer_con_casco_blanco_0-1_3_11zon.jpg",1472,832,false],"mailpoet_newsletter_max":["https:\/\/cladotaciones.com\/wp-content\/uploads\/2024\/08\/Default_tres_ingenieros_entre_hombre_y_mujer_con_casco_blanco_0-1_3_11zon-1320x746.jpg",1320,746,true],"woocommerce_thumbnail":["https:\/\/cladotaciones.com\/wp-content\/uploads\/2024\/08\/Default_tres_ingenieros_entre_hombre_y_mujer_con_casco_blanco_0-1_3_11zon-300x300.jpg",300,300,true],"woocommerce_single":["https:\/\/cladotaciones.com\/wp-content\/uploads\/2024\/08\/Default_tres_ingenieros_entre_hombre_y_mujer_con_casco_blanco_0-1_3_11zon-600x339.jpg",600,339,true],"woocommerce_gallery_thumbnail":["https:\/\/cladotaciones.com\/wp-content\/uploads\/2024\/08\/Default_tres_ingenieros_entre_hombre_y_mujer_con_casco_blanco_0-1_3_11zon-100x100.jpg",100,100,true]},"uagb_author_info":{"display_name":"ventascla02@gmail.com","author_link":"https:\/\/cladotaciones.com\/inicio\/author\/ventascla02gmail-com\/"},"uagb_comment_info":0,"uagb_excerpt":"\u00a0 En CLADOTACIONES, nos especializamos en ofrecer soluciones integrales en protecci\u00f3n y seguridad industrial, con el objetivo de salvaguardar lo m\u00e1s valioso de su empresa: sus personas. Desde nuestra fundaci\u00f3n, hemos trabajado con el firme compromiso de proporcionar productos de alta calidad y servicios expertos que garantizan un entorno laboral seguro y eficiente. Nuestra amplia&hellip;","jetpack_sharing_enabled":true,"_links":{"self":[{"href":"https:\/\/cladotaciones.com\/inicio\/wp-json\/wp\/v2\/pages\/371","targetHints":{"allow":["GET"]}}],"collection":[{"href":"https:\/\/cladotaciones.com\/inicio\/wp-json\/wp\/v2\/pages"}],"about":[{"href":"https:\/\/cladotaciones.com\/inicio\/wp-json\/wp\/v2\/types\/page"}],"author":[{"embeddable":true,"href":"https:\/\/cladotaciones.com\/inicio\/wp-json\/wp\/v2\/users\/1"}],"replies":[{"embeddable":true,"href":"https:\/\/cladotaciones.com\/inicio\/wp-json\/wp\/v2\/comments?post=371"}],"version-history":[{"count":6,"href":"https:\/\/cladotaciones.com\/inicio\/wp-json\/wp\/v2\/pages\/371\/revisions"}],"predecessor-version":[{"id":693,"href":"https:\/\/cladotaciones.com\/inicio\/wp-json\/wp\/v2\/pages\/371\/revisions\/693"}],"wp:featuredmedia":[{"embeddable":true,"href":"https:\/\/cladotaciones.com\/inicio\/wp-json\/wp\/v2\/media\/597"}],"wp:attachment":[{"href":"https:\/\/cladotaciones.com\/inicio\/wp-json\/wp\/v2\/media?parent=371"}],"curies":[{"name":"wp","href":"https:\/\/api.w.org\/{rel}","templated":true}]}}