{"id":1170,"date":"2026-01-19T20:33:48","date_gmt":"2026-01-20T01:33:48","guid":{"rendered":"https:\/\/cladotaciones.com\/inicio\/?post_type=product&#038;p=1170"},"modified":"2026-01-19T20:33:48","modified_gmt":"2026-01-20T01:33:48","slug":"bota-workman-safety-waterproof-confort-negra","status":"publish","type":"product","link":"https:\/\/cladotaciones.com\/inicio\/producto\/bota-workman-safety-waterproof-confort-negra\/","title":{"rendered":"Bota Workman Safety Waterproof Confort Negra"},"content":{"rendered":"<p id=\"product_reference\">Las botas de construcci\u00f3n Workman Safety WaterProof C\/P\u00a0 S\/P\u00a0 PU son un tipo de bota hecha en PVC y certificada por Icontec con sello de producto de calidad bajo los requerimientos de la norma ASTM F2413-18. Estas botas para la construcci\u00f3n cuentan con puntera en acero, que cumple con la resistencia del impacto de 101,7 J. resiste fuerza de compresi\u00f3n de 11.121N o 2.500lbf de acuerdo a la norma ASTM F2413-18. Son botas de construcci\u00f3n para hombres y para mujer con suela de labrado profundo para mejor agarre y mayor facilidad de remoci\u00f3n de residuos y resistencia al deslizamiento, con resultado de 0,72 en seco y 0,56 en h\u00famedo seg\u00fan norma ASTM F1677-05. Tienen un forro interno 100 % en poli\u00e9ster tejido rizo, un puente estabilizador para el pie que brinda confort al caminar. Es de color negra con suela crep\u00e9.<\/p>\n<p><strong>SKU:<\/strong>\u00a0AD60090<br \/>\n<strong>COLOR:<\/strong>\u00a0Ca\u00f1a negra con suela crep\u00e9.<br \/>\n<strong>PLANTILLA EST\u00c1NDAR:<\/strong>\u00a0Elaborada en textil no tejido<br \/>\n<strong>PUNTERA<\/strong>: En acero, cumple con la norma ISO 22568-1 y en la bota proporciona protecci\u00f3n al impacto de 101,7 J y resiste a una fuerza de compresi\u00f3n de 11,121N o 2500lbf seg\u00fan la norma ASTM F2413-18.<br \/>\n<strong>CAMBRI\u00d3N:<\/strong>\u00a0Puente estabilizador para el \u00e1rea de la planta del pie que brinda mayor confort al caminar.<br \/>\n<strong>SUELA:<\/strong>\u00a0Nuevo dise\u00f1o de suela, cumple los requisitos t\u00e9cnicos SRA (Ensayo de deslizamiento sobre cer\u00e1mica con agua jabonosa) de las Normas T\u00e9cnicas ISO 20344 y 20345.<br \/>\n<strong>PROCESO:<\/strong>\u00a0Doble inyecci\u00f3n en PVC<br \/>\n<strong>REFERENCIAL T\u00c9CNICO:<\/strong>\u00a0ASTM F2413-18<br \/>\n<strong>TALLA PROMEDIO \/ PESO:<\/strong>\u00a0TP40 \/ 2.206 gr<br \/>\n<strong>ALTURA INTERNA:<\/strong>\u00a013,1\u2033 \/ 33,3 cm<br \/>\n<strong>TALLA USA:<\/strong>\u00a03 \u2013 14<br \/>\n<strong>TALLA FRA:<\/strong>\u00a035 \u2013 46<\/p>\n","protected":false},"excerpt":{"rendered":"<p>Las botas de construcci\u00f3n Workman Safety WaterProof C\/P\u00a0 S\/P\u00a0 PU son un tipo de bota hecha en PVC y certificada por Icontec con sello de producto de calidad bajo los requerimientos de la norma ASTM F2413-18. Estas botas para la construcci\u00f3n cuentan con puntera en acero, que cumple con la resistencia del impacto de 101,7 [&hellip;]<\/p>\n","protected":false},"featured_media":1173,"comment_status":"open","ping_status":"closed","template":"","meta":{"_uag_custom_page_level_css":"","_monsterinsights_skip_tracking":false,"_monsterinsights_sitenote_active":false,"_monsterinsights_sitenote_note":"","_monsterinsights_sitenote_category":0,"site-sidebar-layout":"default","site-content-layout":"","ast-site-content-layout":"default","site-content-style":"default","site-sidebar-style":"default","ast-global-header-display":"","ast-banner-title-visibility":"","ast-main-header-display":"","ast-hfb-above-header-display":"","ast-hfb-below-header-display":"","ast-hfb-mobile-header-display":"","site-post-title":"","ast-breadcrumbs-content":"","ast-featured-img":"","footer-sml-layout":"","ast-disable-related-posts":"","theme-transparent-header-meta":"default","adv-header-id-meta":"","stick-header-meta":"","header-above-stick-meta":"","header-main-stick-meta":"","header-below-stick-meta":"","astra-migrate-meta-layouts":"set","ast-page-background-enabled":"default","ast-page-background-meta":{"desktop":{"background-color":"var(--ast-global-color-4)","background-image":"","background-repeat":"repeat","background-position":"center center","background-size":"auto","background-attachment":"scroll","background-type":"","background-media":"","overlay-type":"","overlay-color":"","overlay-opacity":"","overlay-gradient":""},"tablet":{"background-color":"","background-image":"","background-repeat":"repeat","background-position":"center center","background-size":"auto","background-attachment":"scroll","background-type":"","background-media":"","overlay-type":"","overlay-color":"","overlay-opacity":"","overlay-gradient":""},"mobile":{"background-color":"","background-image":"","background-repeat":"repeat","background-position":"center center","background-size":"auto","background-attachment":"scroll","background-type":"","background-media":"","overlay-type":"","overlay-color":"","overlay-opacity":"","overlay-gradient":""}},"ast-content-background-meta":{"desktop":{"background-color":"var(--ast-global-color-5)","background-image":"","background-repeat":"repeat","background-position":"center center","background-size":"auto","background-attachment":"scroll","background-type":"","background-media":"","overlay-type":"","overlay-color":"","overlay-opacity":"","overlay-gradient":""},"tablet":{"background-color":"var(--ast-global-color-5)","background-image":"","background-repeat":"repeat","background-position":"center center","background-size":"auto","background-attachment":"scroll","background-type":"","background-media":"","overlay-type":"","overlay-color":"","overlay-opacity":"","overlay-gradient":""},"mobile":{"background-color":"var(--ast-global-color-5)","background-image":"","background-repeat":"repeat","background-position":"center center","background-size":"auto","background-attachment":"scroll","background-type":"","background-media":"","overlay-type":"","overlay-color":"","overlay-opacity":"","overlay-gradient":""}}},"product_brand":[],"product_cat":[30],"product_tag":[],"class_list":{"0":"post-1170","1":"product","2":"type-product","3":"status-publish","4":"has-post-thumbnail","6":"product_cat-botas-y-calzado","7":"desktop-align-left","8":"tablet-align-left","9":"mobile-align-left","11":"first","12":"instock","13":"taxable","14":"shipping-taxable","15":"product-type-simple"},"aioseo_notices":[],"uagb_featured_image_src":{"full":["https:\/\/cladotaciones.com\/wp-content\/uploads\/2026\/01\/1-.png",1000,1000,false],"thumbnail":["https:\/\/cladotaciones.com\/wp-content\/uploads\/2026\/01\/1--150x150.png",150,150,true],"medium":["https:\/\/cladotaciones.com\/wp-content\/uploads\/2026\/01\/1--300x300.png",300,300,true],"medium_large":["https:\/\/cladotaciones.com\/wp-content\/uploads\/2026\/01\/1--768x768.png",768,768,true],"large":["https:\/\/cladotaciones.com\/wp-content\/uploads\/2026\/01\/1-.png",1000,1000,false],"1536x1536":["https:\/\/cladotaciones.com\/wp-content\/uploads\/2026\/01\/1-.png",1000,1000,false],"2048x2048":["https:\/\/cladotaciones.com\/wp-content\/uploads\/2026\/01\/1-.png",1000,1000,false],"mailpoet_newsletter_max":["https:\/\/cladotaciones.com\/wp-content\/uploads\/2026\/01\/1-.png",1000,1000,false],"woocommerce_thumbnail":["https:\/\/cladotaciones.com\/wp-content\/uploads\/2026\/01\/1--300x300.png",300,300,true],"woocommerce_single":["https:\/\/cladotaciones.com\/wp-content\/uploads\/2026\/01\/1--600x600.png",600,600,true],"woocommerce_gallery_thumbnail":["https:\/\/cladotaciones.com\/wp-content\/uploads\/2026\/01\/1--100x100.png",100,100,true]},"uagb_author_info":{"display_name":"ventascla02@gmail.com","author_link":"https:\/\/cladotaciones.com\/inicio\/author\/"},"uagb_comment_info":0,"uagb_excerpt":"Las botas de construcci\u00f3n Workman Safety WaterProof C\/P\u00a0 S\/P\u00a0 PU son un tipo de bota hecha en PVC y certificada por Icontec con sello de producto de calidad bajo los requerimientos de la norma ASTM F2413-18. Estas botas para la construcci\u00f3n cuentan con puntera en acero, que cumple con la resistencia del impacto de 101,7&hellip;","jetpack_sharing_enabled":true,"_links":{"self":[{"href":"https:\/\/cladotaciones.com\/inicio\/wp-json\/wp\/v2\/product\/1170","targetHints":{"allow":["GET"]}}],"collection":[{"href":"https:\/\/cladotaciones.com\/inicio\/wp-json\/wp\/v2\/product"}],"about":[{"href":"https:\/\/cladotaciones.com\/inicio\/wp-json\/wp\/v2\/types\/product"}],"replies":[{"embeddable":true,"href":"https:\/\/cladotaciones.com\/inicio\/wp-json\/wp\/v2\/comments?post=1170"}],"version-history":[{"count":1,"href":"https:\/\/cladotaciones.com\/inicio\/wp-json\/wp\/v2\/product\/1170\/revisions"}],"predecessor-version":[{"id":1177,"href":"https:\/\/cladotaciones.com\/inicio\/wp-json\/wp\/v2\/product\/1170\/revisions\/1177"}],"wp:featuredmedia":[{"embeddable":true,"href":"https:\/\/cladotaciones.com\/inicio\/wp-json\/wp\/v2\/media\/1173"}],"wp:attachment":[{"href":"https:\/\/cladotaciones.com\/inicio\/wp-json\/wp\/v2\/media?parent=1170"}],"wp:term":[{"taxonomy":"product_brand","embeddable":true,"href":"https:\/\/cladotaciones.com\/inicio\/wp-json\/wp\/v2\/product_brand?post=1170"},{"taxonomy":"product_cat","embeddable":true,"href":"https:\/\/cladotaciones.com\/inicio\/wp-json\/wp\/v2\/product_cat?post=1170"},{"taxonomy":"product_tag","embeddable":true,"href":"https:\/\/cladotaciones.com\/inicio\/wp-json\/wp\/v2\/product_tag?post=1170"}],"curies":[{"name":"wp","href":"https:\/\/api.w.org\/{rel}","templated":true}]}}